{"id":20,"date":"2018-08-21T07:49:38","date_gmt":"2018-08-21T07:49:38","guid":{"rendered":"http:\/\/cfasolutions.nl\/?page_id=20"},"modified":"2023-09-19T18:59:54","modified_gmt":"2023-09-19T18:59:54","slug":"diensten","status":"publish","type":"page","link":"http:\/\/cfasolutions.nl\/?page_id=20","title":{"rendered":"Diensten"},"content":{"rendered":"<p><strong>Interim management<\/strong><\/p>\n<p>Langdurig ziekte, ondercapaciteit of andere redenen kunnen er toe leiden dat er behoefte is aan extra personeel. Ook voor procesoptimalisatie of risicomanagement kan CFA Solutions veel voor u betekenen.<\/p>\n<p>Eventuele functies die door CFA Solutions ingevuld kunnen worden: Co\u00f6rdinator Debiteuren, Co\u00f6rdinator Crediteuren, Financieel Co\u00f6rdinator, Risicomanager, Procesmanager en Kwaliteitcontrol.<\/p>\n<p><strong>Administratie Inkomstenbelasting, BTW\u00a0<\/strong><\/p>\n<p>ZZP-ers en startenden en particulieren zijn bij ons welkom. Wij zullen u ondersteunen met uw bedrijfsadminstratie en aangiftes. Wij kunnen uw controlerende partner zijn en zullen u voorzien van advies als daar behoefte aan is. Een persoonlijke contact en aanpak zodat u zich bij ons vertrouwd en prettig voelt.<\/p>\n<p>Neem contact op en wij zullen u te woord staan:<\/p>\n<p>info@cfasolutions.nl<\/p>\n<p>Laan 7, 8071 JG Nunspeet<\/p>\n","protected":false},"excerpt":{"rendered":"<p>Interim management Langdurig ziekte, ondercapaciteit of andere redenen kunnen er toe leiden dat er behoefte is aan extra personeel. Ook voor procesoptimalisatie of risicomanagement kan CFA Solutions veel voor u betekenen. Eventuele functies die door CFA Solutions ingevuld kunnen worden: Co\u00f6rdinator Debiteuren, Co\u00f6rdinator Crediteuren, Financieel Co\u00f6rdinator, Risicomanager, Procesmanager en Kwaliteitcontrol. Administratie Inkomstenbelasting, BTW\u00a0 ZZP-ers en &hellip; <a href=\"http:\/\/cfasolutions.nl\/?page_id=20\" class=\"more-link\">Lees verder <span class=\"screen-reader-text\">Diensten<\/span><\/a><\/p>\n","protected":false},"author":1,"featured_media":0,"parent":0,"menu_order":0,"comment_status":"closed","ping_status":"closed","template":"","meta":[],"_links":{"self":[{"href":"http:\/\/cfasolutions.nl\/index.php?rest_route=\/wp\/v2\/pages\/20"}],"collection":[{"href":"http:\/\/cfasolutions.nl\/index.php?rest_route=\/wp\/v2\/pages"}],"about":[{"href":"http:\/\/cfasolutions.nl\/index.php?rest_route=\/wp\/v2\/types\/page"}],"author":[{"embeddable":true,"href":"http:\/\/cfasolutions.nl\/index.php?rest_route=\/wp\/v2\/users\/1"}],"replies":[{"embeddable":true,"href":"http:\/\/cfasolutions.nl\/index.php?rest_route=%2Fwp%2Fv2%2Fcomments&post=20"}],"version-history":[{"count":3,"href":"http:\/\/cfasolutions.nl\/index.php?rest_route=\/wp\/v2\/pages\/20\/revisions"}],"predecessor-version":[{"id":40,"href":"http:\/\/cfasolutions.nl\/index.php?rest_route=\/wp\/v2\/pages\/20\/revisions\/40"}],"wp:attachment":[{"href":"http:\/\/cfasolutions.nl\/index.php?rest_route=%2Fwp%2Fv2%2Fmedia&parent=20"}],"curies":[{"name":"wp","href":"https:\/\/api.w.org\/{rel}","templated":true}]}}